is the remainder when 108 is divided by 57?
51
What is the remainder when 1807 is divided by 27?
25
What is the remainder when 191 is divided by 186?
5
What is the remainder when 10447 is divided by 95?
92
What is the remainder when 125 is divided by 17?
6
Calculate the remainder when 71 is divided by 38.
33
What is the remainder when 829 is divided by 208?
205
What is the remainder when 573 is divided by 4?
1
What is the remainder when 3561 is divided by 7?
5
Calculate the remainder when 307 is divided by 44.
43
What is the remainder when 602 is divided by 59?
12
Calculate the remainder when 746 is divided by 25.
21
What is the remainder when 92 is divided by 48?
44
What is the remainder when 17 is divided by 6?
5
Calculate the remainder when 6878 is divided by 222.
218
Calculate the remainder when 24 is divided by 5.
4
What is the remainder when 153 is divided by 68?
17
What is the remainder when 390 is divided by 67?
55
Calculate the remainder when 1246 is divided by 125.
121
Calculate the remainder when 2374 is divided by 95.
94
What is the remainder when 308 is divided by 80?
68
What is the remainder when 57 is divided by 14?
1
What is the remainder when 71 is divided by 34?
3
What is the remainder when 1363 is divided by 105?
103
Calculate the remainder when 238 is divided by 18.
4
Calculate the remainder when 803 is divided by 281.
241
What is the remainder when 24 is divided by 11?
2
Calculate the remainder when 177 is divided by 99.
78
Calculate the remainder when 87 is divided by 29.
0
Calculate the remainder when 445 is divided by 14.
11
Calculate the remainder when 20 is divided by 12.
8
Calculate the remainder when 498 is divided by 55.
3
Calculate the remainder when 147 is divided by 88.
59
What is the remainder when 5140 is divided by 22?
14
What is the remainder when 188 is divided by 162?
26
What is the remainder when 87 is divided by 46?
41
Calculate the remainder when 2264 is divided by 63.
59
Calculate the remainder when 7327 is divided by 94.
89
Calculate the remainder when 26 is divided by 15.
11
What is the remainder when 120 is divided by 26?
16
Calculate the remainder when 303 is divided by 81.
60
Calculate the remainder when 2781 is divided by 914.
39
Calculate the remainder when 168 is divided by 60.
48
Calculate the remainder when 10060 is divided by 129.
127
What is the remainder when 43328 is divided by 10?
8
What is the remainder when 728 is divided by 185?
173
Calculate the remainder when 477 is divided by 402.
75
What is the remainder when 29122 is divided by 12?
10
What is the remainder when 322 is divided by 13?
10
Calculate the remainder when 344 is divided by 42.
8
What is the remainder when 719 is divided by 270?
179
Calculate the remainder when 203 is divided by 95.
13
What is the remainder when 198 is divided by 52?
42
What is the remainder when 938 is divided by 105?
98
What is the remainder when 167 is divided by 24?
23
What is the remainder when 177 is divided by 45?
42
What is the remainder when 507 is divided by 168?
3
Calculate the remainder when 292 is divided by 20.
12
Calculate the remainder when 259 is divided by 3.
1
Calculate the remainder when 50 is divided by 18.
14
Calculate the remainder when 531 is divided by 13.
11
Calculate the remainder when 263 is divided by 26.
3
Calculate the remainder when 182 is divided by 8.
6
Calculate the remainder when 131 is divided by 12.
11
What is the remainder when 6 is divided by 4?
2
What is the remainder when 357 is divided by 74?
61
Calculate the remainder when 1270 is divided by 26.
22
Calculate the remainder when 160 is divided by 17.
7
What is the remainder when 270 is divided by 27?
0
What is the remainder when 62 is divided by 4?
2
What is the remainder when 341 is divided by 52?
29
Calculate the remainder when 1005 is divided by 92.
85
Calculate the remainder when 2640 is divided by 42.
36
Calculate the remainder when 807 is divided by 48.
39
What is the remainder when 798 is divided by 127?
36
What is the remainder when 279 is divided by 143?
136
What is the remainder when 330 is divided by 67?
62
Calculate the remainder when 178 is divided by 33.
13
What is the remainder when 5051 is divided by 52?
7
What is the remainder when 55 is divided by 15?
10
What is the remainder when 41 is divided by 15?
11
Calculate the remainder when 236 is divided by 35.
26
What is the remainder when 1528 is divided by 34?
32
Calculate the remainder when 77 is divided by 50.
27
Calculate the remainder when 5976 is divided by 23.
19
What is the remainder when 910 is divided by 15?
10
Calculate the remainder when 61 is divided by 11.
6
Calculate the remainder when 5265 is divided by 1753.
6
Calculate the remainder when 406 is divided by 59.
52
Calculate the remainder when 1409 is divided by 176.
1
What is the remainder when 3555 is divided by 1181?
12
Calculate the remainder when 1199 is divided by 50.
49
What is the remainder when 35 is divided by 19?
16
What is the remainder when 335 is divided by 13?
10
What is the remainder when 667 is divided by 71?
28
Calculate the remainder when 3713 is divided by 133.
122
Calculate the remainder when 189 is divided by 33.
24
What is the remainder when 578 is divided by 145?
143
What is the remainder when 115 is divided by 17?
13
Calculate the remainder when 1703 is divided by 3.
2
Calculate the remainder when 2489 is divided by 16.
9
What is the remainder when 851 is divided by 277?
20
Calculate the remainder when 142 is divided by 26.
12
What is the remainder when 94 is divided by 22?
6
What is the remainder when 476 is divided by 40?
36
What is the remainder when 90 is divided by 7?
6
What is the remainder when 123 is divided by 51?
21
Calculate the remainder when 55 is divided by 19.
17
What is the remainder when 348 is divided by 155?
38
What is the remainder when 199 is divided by 10?
9
Calculate the remainder when 934 is divided by 156.
154
Calculate the remainder when 11 is divided by 7.
4
What is the remainder when 219 is divided by 4?
3
What is the remainder when 6965 is divided by 86?
85
What is the remainder when 185 is divided by 19?
14
What is the remainder when 171 is divided by 39?
15
Calculate the remainder when 425 is divided by 159.
107
What is the remainder when 355 is divided by 169?
17
What is the remainder when 169 is divided by 45?
34
What is the remainder when 678 is divided by 667?
11
What is the remainder when 1853 is divided by 53?
51
Calculate the remainder when 203 is divided by 100.
3
Calculate the remainder when 141 is divided by 36.
33
What is the remainder when 223 is divided by 45?
43
What is the remainder when 3086 is divided by 1533?
20
What is the remainder when 150 is divided by 58?
34
What is the remainder when 20098 is divided by 100?
98
What is the remainder when 266 is divided by 9?
5
What is the remainder when 33 is divided by 9?
6
Calculate the remainder when 920 is divided by 115.
0
What is the remainder when 259 is divided by 17?
4
Calculate the remainder when 1231 is divided by 176.
175
What is the remainder when 149 is divided by 39?
32
What is the remainder when 88 is divided by 31?
26
What is the remainder when 1158 is divided by 25?
8
Calculate the remainder when 770 is divided by 195.
185
Calculate the remainder when 4064 is divided by 4057.
7
Calculate the remainder when 813 is divided by 24.
21
What is the remainder when 51 is divided by 18?
15
What is the remainder when 502 is divided by 28?
26
What is the remainder when 1413 is divided by 8?
5
Calculate the remainder when 1800 is divided by 37.
24
Calculate the remainder when 55 is divided by 12.
7
Calculate the remainder when 281 is divided by 47.
46
Calculate the remainder when 13505 is divided by 6.
5
What is the remainder when 368 is divided by 93?
89
What is the remainder when 118 is divided by 60?
58
Calculate the remainder when 134 is divided by 127.
7
Calculate the remainder when 1246 is divided by 10.
6
Calculate the remainder when 116 is divided by 42.
32
What is the remainder when 81 is divided by 26?
3
Calculate the remainder when 69 is divided by 54.
15
What is the remainder when 41 is divided by 35?
6
Calculate the remainder when 708 is divided by 139.
13
What is the remainder when 342 is divided by 